t common factor of 23089 and 224873?
11
What is the highest common factor of 101314 and 1932842?
358
Calculate the highest common divisor of 24 and 7517874.
6
Calculate the highest common divisor of 45 and 50199417.
9
What is the greatest common factor of 1654824 and 5016?
456
What is the greatest common divisor of 370 and 1698805?
5
Calculate the greatest common factor of 34 and 4321254.
2
Calculate the greatest common divisor of 721233 and 6718257.
5679
Calculate the highest common divisor of 8 and 25917088.
8
What is the highest common divisor of 264 and 2573520?
24
Calculate the highest common factor of 126 and 476052.
6
What is the highest common divisor of 3381 and 873747?
483
What is the greatest common factor of 18921008 and 205?
41
Calculate the highest common divisor of 787772 and 84196.
124
Calculate the highest common divisor of 1288 and 116120.
8
What is the highest common divisor of 650 and 26126854?
26
What is the greatest common factor of 36089 and 142091?
151
Calculate the greatest common divisor of 1785366 and 641556.
1278
What is the highest common divisor of 386323 and 19923?
229
Calculate the highest common divisor of 70456878 and 1458.
486
What is the greatest common factor of 34074887 and 6237?
77
Calculate the greatest common divisor of 6361884 and 190.
38
Calculate the greatest common divisor of 1108872 and 1896.
24
What is the greatest common divisor of 452 and 1306980600?
452
Calculate the highest common factor of 114 and 62027818.
38
What is the greatest common factor of 59 and 45128687?
59
Calculate the highest common factor of 613914120 and 24.
24
Calculate the greatest common factor of 1110428 and 1372.
4
What is the greatest common divisor of 399158135 and 10930?
5465
What is the highest common factor of 25750 and 3845?
5
Calculate the highest common divisor of 349570 and 22880.
130
Calculate the greatest common divisor of 8607 and 715521.
57
What is the highest common divisor of 111743 and 32881?
131
What is the greatest common factor of 157488 and 47568?
48
What is the highest common factor of 1380 and 4287260?
20
Calculate the highest common factor of 48 and 1182228.
12
What is the highest common divisor of 138 and 1604562?
6
What is the highest common factor of 70890 and 6772080?
4170
Calculate the highest common factor of 33913 and 393844.
11
What is the highest common divisor of 136 and 6268056?
8
What is the highest common factor of 5314510 and 27745?
895
Calculate the highest common divisor of 26 and 1777482.
2
Calculate the highest common factor of 1594936259 and 2191.
2191
Calculate the highest common factor of 5253 and 119336727.
309
What is the highest common divisor of 69160 and 4690?
70
Calculate the highest common divisor of 214851 and 113841.
273
Calculate the highest common divisor of 677798 and 77.
11
Calculate the greatest common divisor of 133275 and 9525.
75
Calculate the greatest common divisor of 34531 and 60193.
7
Calculate the greatest common factor of 374 and 712606.
34
Calculate the greatest common divisor of 286 and 430742.
26
Calculate the greatest common divisor of 2864 and 602306360.
1432
What is the greatest common divisor of 20221 and 2431995?
73
Calculate the highest common factor of 46788 and 8022.
42
What is the highest common divisor of 1890 and 977760?
630
What is the greatest common divisor of 427055532 and 38031?
5433
Calculate the greatest common factor of 243 and 57447.
9
Calculate the highest common factor of 2819810 and 630.
70
Calculate the highest common factor of 176 and 190023064.
88
What is the greatest common factor of 32757 and 353862952?
10919
Calculate the greatest common factor of 21187631 and 695.
139
What is the greatest common factor of 3156 and 12546678?
1578
What is the greatest common factor of 19908 and 637530?
474
What is the highest common divisor of 7199 and 17396227?
313
Calculate the highest common divisor of 71808 and 45298.
22
What is the greatest common divisor of 120040139 and 347?
347
What is the greatest common divisor of 285 and 3144525?
15
What is the highest common divisor of 41466920 and 21947?
1291
Calculate the highest common factor of 9918311 and 14755.
2951
What is the greatest common divisor of 4047 and 65214849?
213
What is the highest common factor of 1383620304 and 1056?
528
Calculate the greatest common factor of 10935 and 760215.
15
What is the highest common divisor of 32 and 103153840?
16
What is the greatest common divisor of 45760 and 2731300?
2860
What is the greatest common divisor of 1503 and 50326619?
167
What is the highest common divisor of 3759446 and 2?
2
Calculate the greatest common divisor of 3702836 and 812.
116
Calculate the greatest common divisor of 32207 and 38174497.
4601
Calculate the highest common divisor of 9032 and 11144.
8
What is the greatest common factor of 2460 and 6449505?
615
What is the highest common divisor of 5624767 and 239309?
2011
What is the highest common divisor of 2560272 and 462?
66
What is the greatest common factor of 12752544 and 14868?
84
Calculate the highest common factor of 108 and 4741596.
36
Calculate the highest common factor of 11414 and 667654.
26
What is the greatest common factor of 74320043 and 9226?
4613
What is the highest common divisor of 1040 and 85995?
65
Calculate the highest common divisor of 141821 and 11285.
37
What is the greatest common factor of 3981807 and 600292?
1949
What is the highest common factor of 3282 and 99826953?
1641
What is the highest common divisor of 14 and 12309458?
14
Calculate the greatest common factor of 7924317 and 334.
167
Calculate the greatest common divisor of 29169 and 5535628.
3241
What is the highest common divisor of 1844 and 2524897?
461
Calculate the greatest common divisor of 15121 and 883.
1
Calculate the highest common divisor of 40622 and 156074.
2138
Calculate the greatest common factor of 3922288 and 3440.
688
What is the greatest common divisor of 2519999 and 15087?
47
Calculate the greatest common factor of 8653212 and 473355.
1413
Calculate the greatest common factor of 358827 and 42.
21
What is the greatest common divisor of 7210 and 367071400?
1030
Calculate the greatest common divisor of 32800 and 1919200.
800
Calculate the greatest common factor of 175 and 34674325.
175
Calculate the highest common factor of 1340572 and 392.
4
What is the greatest common divisor of 11556005 and 5140?
1285
Calculate the highest common factor of 925778819 and 84455.
16891
What is the greatest common divisor of 14392 and 4325824?
2056
What is the highest common divisor of 179410 and 10311?
7
What is the highest common factor of 44461584 and 1152?
144
What is the highest common divisor of 819291 and 1171383?
6771
What is the greatest common factor of 96288 and 300288?
1632
What is the highest common factor of 23 and 354227853?
23
What is the highest common divisor of 381 and 23875?
1
Calculate the highest common divisor of 60460 and 227700.
20
What is the highest common factor of 82 and 249581842?
82
Calculate the greatest common factor of 5227105 and 91039.
611
What is the greatest common divisor of 11208375 and 13500?
3375
What is the highest common factor of 30504032 and 2704?
208
What is the greatest common factor of 420749 and 588?
7
What is the highest common divisor of 11 and 9838939?
11
Calculate the highest common divisor of 30700072 and 2934.
326
Calculate the greatest common divisor of 36877573 and 187.
17
What is the greatest common divisor of 357861 and 147?
21
What is the highest common factor of 169830 and 66230?
370
What is the highest common divisor of 18360816 and 108?
12
Calculate the greatest common factor of 63 and 21688464.
21
Calculate the greatest common factor of 158270352 and 624.
48
What is the highest common factor of 10220 and 438130?
70
Calculate the greatest common factor of 361120732 and 56.
28
Calculate the greatest common divisor of 3688464 and 25576.
184
Calculate the greatest common divisor of 88 and 11905184.
8
Calculate the highest common divisor of 6252796 and 8228.
484
Calculate the highest common divisor of 6664191 and 2328.
291
What is the greatest common factor of 537469 and 206845?
41
What is the greatest common divisor of 46678521 and 6212?
1553
Calculate the greatest common divisor